 -1 - -1
-3
Evaluate -4 - (-12 + 6 - 0).
2
What is the value of ((6 - 0) + 5 - 8) + 6?
9
What is the value of 0 - (1 - 1) - -3?
3
Evaluate -5 - -2 - (-5 + (-3 - -3)).
2
What is -1 + 2 - (2 - 0) - -2?
1
What is the value of (8 - -3) + (3 - 9)?
5
Evaluate (-12 - -3) + 5 - -8.
4
What is the value of 6 + (0 - (3 - (-5 - -5)))?
3
(-7 - -17) + -10 + 0
0
Calculate 0 + (-6 - (1 - 3)) - 2.
-6
What is 4 - (8 + -2) - 2?
-4
3 - (-10 - -16 - (2 + 5))
4
What is the value of -9 + -1 + 13 - 5?
-2
Evaluate -3 + (0 - -5) + (-9 - -5).
-2
What is the value of -2 - ((2 - 0) + -3 - 6)?
5
(-49 - -54) + -14 + 2
-7
Calculate 1 + 4 - (-1 + 4 + -4).
6
Calculate -1 + 2 + -1 + -3 - 2.
-5
Evaluate 1 + (-3 + 12 - 15).
-5
Evaluate -8 - (-5 - 12 - -8).
1
Evaluate (3 - 0) + -5 + 2 + -5.
-5
What is (3 - -3) + (1 - 4)?
3
Evaluate -3 - (0 - (14 + -11)).
0
Evaluate 4 + -2 + 6 + -8.
0
What is the value of -1 + 8 + -10 - -6?
3
Evaluate (1 - (-3 - -10)) + 7 + 5.
6
-3 - ((-3 - -3) + 2)
-5
What is -6 + 6 + 1 + (7 - 3)?
5
What is (3 - (2 - 2)) + 2?
5
What is the value of -1 + (2 - (14 + -4)) + 5?
-4
Calculate 0 - ((-1 - 1) + 1 - -2).
-1
Evaluate 1 + (0 + 2 - -1 - 11).
-7
What is -2 + 6 + (5 - (4 - -1))?
4
Calculate 4 - 2 - 9 - -3.
-4
Calculate 4 + (-4 - (2 - 3 - 0)).
1
Calculate -1 + (7 - 7) - (-1 + -1).
1
What is 2 + -4 - (-10 - -15)?
-7
Evaluate (7 - 1) + 2 - 3.
5
Evaluate (3 - 15) + 7 + (-1 - 0).
-6
What is the value of 24 + -18 + -2 + 1 + 0?
5
-5 + (-18 + 20 - (-5 - -1))
1
What is the value of -7 + 9 - (-2 - -3)?
1
What is -69 + 66 + 4 + 0?
1
Calculate 1 - (4 - 8 - -8).
-3
Calculate (0 - 3) + (61 - 52).
6
Evaluate -7 + (11 + -1 - (54 - 49)).
-2
Calculate (7 - 8) + -4 + (2 - -1).
-2
What is the value of -1 - (1 - 1 - (-5 + 2))?
-4
What is the value of 4 - 3 - -4 - (3 - -3)?
-1
What is the value of (-3 - (-2 + -1 - -1)) + 3?
2
What is -7 + (7 - -7) - -1?
8
What is -10 + 12 - (3 - (4 - -3))?
6
Calculate 0 - 2 - (2 - 3 - 1).
0
Evaluate ((8 - 2) + -8 - 3) + 1.
-4
Calculate 1 + (-12 - -5) - -3.
-3
Evaluate 6 + -2 + 0 - -1.
5
(-196 - -192) + (1 - 1)
-4
Calculate -149 + 144 - (0 + -3 + 0).
-2
What is 38 + -31 - (2 + 6 - 2)?
1
What is -1 + (3 - 9) + 3?
-4
Evaluate (-1 - -3) + (0 - -1) - 7.
-4
What is -13 + 8 - (3 - 0) - -3?
-5
What is 0 + 4 + 1 + -7?
-2
Calculate -2 + (-3 - -2) + 3.
0
Evaluate -4 + 6 + -2 - 4.
-4
What is (1 - -3) + -5 + -2 + 4?
1
Calculate 3 + (1 - (1 - 2)).
5
4 - -3 - (14 - 9)
2
-1 + 0 + 8 - 4
3
Calculate -5 + 1 - (-72 - -69).
-1
Evaluate 2 + 3 + -2 + -8.
-5
What is 6 - -5 - (3 - -6)?
2
What is 7 + 2 - (-67 - -66)?
10
17 + -20 + (5 - -3)
5
14 + -5 + -2 + -4
3
What is the value of 6 + -5 - 0 - (-2 - 2)?
5
What is 14 + -11 - (1 + -2 - -2)?
2
Calculate (1 + 3 - 5) + (3 - -5).
7
Evaluate (1 - 9) + 5 + 3.
0
What is the value of -7 + (1 - 5) - -7?
-4
Evaluate 4 - (3 + (1 - -2 - 7)).
5
(4 - 1) + 1 + -1 + -3
0
What is -3 - (-1 + -9 + 1)?
6
Calculate 3 + -2 + 0 - (-2 + 1).
2
-75 + 88 + -6 + 1
8
Calculate 1 + (3 - -2) + -6.
0
Calculate -3 - ((1 - 1) + 0).
-3
Evaluate -1 - 1 - (3 + -4 - -1).
-2
What is the value of -4 + 0 + (1 - 4 - -4)?
-3
Calculate 0 - -1 - (-5 + 4 + -3).
5
Calculate -6 - (2 - 4) - (-1 + -2).
-1
-9 - (8 + (-8 - -1) - 3)
-7
Calculate -46 + 35 + 1 + 6.
-4
Calculate 1 + (-2 - 0 - 1) - 2.
-4
What is the value of 12 - (-2 - (-6 - 1))?
7
Calculate (-2 - -2) + (2 - 0) + -3.
-1
Evaluate (-2 - -7) + 8 + 1 + -8.
6
What is -12 + (13 - 8) + 4?
-3
Evaluate (-1 - -5) + -4 - (5 + -6).
1
Calculate (-4 - (-3 - -1)) + 3 - 1.
0
Calculate -3 - (-11 + 16 + -2).
-6
Evaluate 7 - (5 - -4) - -1.
-1
-6 - (2 - (-1 - -20 - 5))
6
16 + -7 + (12 - 19)
2
Calculate (2 - -1) + (6 - 7) - 3.
-1
3 + (-10 + -3 - -6)
-4
-7 + 0 + -87 + 98
4
What is -3 + 1 + 2 + -3?
-3
-6 - (-6 + -6 + 9)
-3
What is (7 + -11 - -5) + 1?
2
(0 - 1) + 5 + -2 + -4
-2
What is -2 + (9 - 5) + 1?
3
(-4 - -1) + 12 + 5 + -11
3
Calculate -4 + 8 + -2 + -1.
1
What is 1 - (0 - -2) - -5?
4
What is 35 + -36 - (3 - -1)?
-5
What is the value of 16 - (10 + (-6 - -8))?
4
Calculate 0 - 1 - 0 - 4.
-5
-6 + -6 + 6 + 1
-5
What is (9 + -3 - 2) + (5 - 1)?
8
Calculate (-3 - (-1 + 4)) + 3.
-3
2 + -8 - (2 + -4)
-4
(14 - 10) + (1 - 6)
-1
Calculate (-3 - -2) + -6 + 5.
-2
Evaluate 8 + (2 - 6) + 0.
4
What is the value of 2 + -5 + 3 - 5?
-5
What is -1 + (4 - -1) - 1?
3
What is (-4 - -6 - 2) + -3?
-3
What is (5 - 9) + -7 + 3 + 5?
-3
5 - (1 - -1 - 0 - -4)
-1
3 + 8 + -9 + 2
4
Calculate 8 + -10 + 4 + -9.
-7
What is the value of 3 + (-13 - -9 - (-7 + 1))?
5
What is (-4 - 1) + 2 - (-3 - 0)?
0
Calculate (3 - (0 - -5) - 2) + 4.
0
8 + 2 + -4 + -11
-5
-2 + (-2 - -5) + -5
-4
Calculate 1 - 2 - (-15 + 15 - -1).
-2
What is (2 - 0) + -1 + (-1 - 1)?
-1
5 + (3 - 13 - -1)
-4
What is the value of 4 + (8 - 7) - (0 + 5)?
0
What is the value of (-2 - (3 - 6)) + 3?
4
0 - -3 - (-5 + 4)
4
What is -1 - (-3 + (20 - 11))?
-7
Evaluate 7 + (-9 - 1) + -3 + 9.
3
(-4 - (-1 + 0 + -2)) + -1
-2
What is -91 + 86 + (1 - (-10 + 1))?
5
Calculate -82 + 86 + 1 + -4.
1
What is (1 - (3 + 0)) + (20 - 24)?
-6
4 - 1 - (-2 + 0)
5
Calculate -3 - (-4 + (-5 + 4 - 0)).
2
What is the value of 9 + (6 - -3) + -28?
-10
Evaluate (-1 - 2) + (-1 - -2 - 2).
-4
What is -1 + 1 + -15 + (-25 - -45)?
5
What is 1 + 7 + -2 + 1?
7
1 - -14 - (17 + -10)
8
What is the value of (5 - (-1 - (-4 - 4))) + 4?
2
What is the value of 0 - (4 - 14) - 2?
8
What is -10 + (-7 - (10 - 35))?
8
(-1 - (8 + 1)) + 4
-6
What is (3 - (-8 + 16)) + (1 - 1)?
-5
What is the value of -3 + -1 + 3 + 0?
-1
What is 4 + 2 + (-19 - -15) + -3?
-1
-1 + 3 - -2 - (-17 - -21)
0
(1 - 1) + (-11 - -7)
-4
Calculate 0 - 6 - (-64 + 67).
-9
Evaluate 0 + -12 - (6 - 13).
-5
-11 + -2 - -18 - (8 + -1)
-2
What is 4 - 12 - (-15 - 1)?
8
Evaluate 20 + -4 + -2 + -6 - 6.
2
Calculate 3 + (-9 - 0) - -4.
-2
(4 - 4 - -2) + -1
1
What is the value of (-7 + 1 - -5) + (0 - 0)?
-1
Evaluate (-4 + -2 - -3) + -3.
-6
Calculate -15 - -2 - (22 - 30).
-5
Calculate 0 - 4 - (-2 + (-6 - -7)).
-3
What is the value of (32 - 31) + 0 + -8?
-7
Evaluate (0 - 3) + -15 + -2 + 15.
-5
What is the value of (1 - -8) + 7 + -12?
4
Evaluate -7 + -2 + (39 - 38).
-8
Evaluate 3 + 1 + (-13 - -7) - -7.
5
(-18 - -13) + (1 - -10)
6
Calculate -2 - -10 - (-5 - (-3 + -6)).
4
What is 8 - -1 - 1 - 12?
-4
Calculate 4 + 4 + (4 - 5) + -13.
-6
What is the value of (1 - 3) + 5 + 2 + -1?
4
Evaluate -4 + (4 + 1 + 2 - 4).
-1
What is -13 + 0 + 19 + -8?
-2
Evaluate 0 - -1 - (-3 + -5 + 4).
5
Calculate -7 - (-11 - -9 - (-2 + 5)).
-2
Evaluate (-1 - 3) + (-5 - -5) + 4.
0
Calculate 10 - 10 - (-9 - -4) - 0.
5
0 + -1 + (-3 - 1 - -4)
-1
What is 4 - (0 - (1 + -1))?
4
Calculate 0 - -1 - -3 - 1.
3
(-2 + 2 - 5) + 4
-1
What is 6 + -4 + 9 + -4?
7
Calculate 2 + 1 - (0 + -1 + 1).
3
Calculate -4 + (-2 - 5 - -9).
-2
Calculate 6 - (6 - (-3 - -7)).
4
Evaluate (-5 - -10 - 5) + -4.
-4
Calculate 4 + -4 + -8 - -4.
-4
Evaluate 10 - (1 + (14 + -7 - 6)).
8
-2 - (7 + -3) - (34 - 31)
-9
Calculate (3 - (2 - 0)) + -2 - 0.
-1
What is -2 - -6 - (1 + 3) - -5?
5
What is 2 + 0 - (1 - 3 - -4)?
0
-6 + 8 - 0 - (0 + 0)
2
What is -11 + 22 + (-1 - 2 - 2)?
6
What is the value of 1 + (-2 - -6) - (-13 + 21)?
-3
What is the value of 1 + -3 + (6 - (-1 - -3))?
2
What is the value of 2 + 0 + (-2 - 5) + 4?
-1
What is -9 - -21 - (3 + 12)?
-3
Calculate -2 - (-18 + 6 - -3).
7
Calculate (2 + -6 - -3) + 3.
2
-6 + (1 + -1 - -2)
-4
What is the value of -2 - 4 - (2 + -2)?
-6
What is 7 + -6 - (-6 + 4 - -6)?
-3
What is the value of (-2 + -13 - -4) + 4 - -3?
-4
What is the value of -5 + 2 + (-1 - 1)?
-5
Calculate -3 - 5 - (0 + 5 + -10).
-3
Calculate 8 - (5 + (-6 - -7)).
2
What is the value of (-1 + -1 - -2) + (-38 - -42)?
4
Evaluate (0 - 7) + (0 - (-1 + -2)).
-4
Evaluate 4 - (14 - (12 - (1 - -5))).
-4
6 + (-2 - 1) - 4
-1
Evaluate -22 + 18 - (-2 - -5).
-7
What is 3 - 4 - (-8 - -3)?
4
What is -3 + 1 + -1 + (13 - 7)?
3
What is the value of -6 + (0 - -1 - -2)?
-3
Calculate -4 + -7 + 3 + 5.
-3
What is the value of (-6 - (-22 - -3)) + -5 - 3?
5
Calculate 9 + (1 - 10) + 3.
3
Calculate (15 - 2) + -45 + 28.
-4
Evaluate 2 - (-4 + 1 + 0).
5
-13 - -5 - (-4 - 2)
-2
(5 - -2) + -5 + -5 - 2
-5
(-2 + 4 - (5 - 5)) + -3
-1
7 + -4 + -1 + 4 + -2
4
Calculate (-6 - 3 - -5) + -1 + 0.
-5
16 - (13 - -4) - (0 - 5)
4
Evaluate -3 - (-5 + (1 - -9 - 2)).
-6
What is -5 + (6 - (5 + -9)) + -5?
0
Calculate -5 + 1 + 9 + -9 + -